{"id":408,"date":"2022-09-12T14:07:53","date_gmt":"2022-09-12T12:07:53","guid":{"rendered":"https:\/\/www.ethicit.fr\/?page_id=408"},"modified":"2023-05-23T22:00:50","modified_gmt":"2023-05-23T20:00:50","slug":"status-des-erreurs","status":"publish","type":"page","link":"https:\/\/www.ethicit.fr\/?page_id=408","title":{"rendered":"Status des erreurs : historique et mise \u00e0 jour"},"content":{"rendered":"\n<p><a href=\"https:\/\/piaille.fr\/@ethicit\"><\/a><\/p>\n\n\n\n<p>Certains services ethicit \/ Devloprog sont interrompus suite \u00e0 un probl\u00e8me technique en cours d&rsquo;analyse.<br>Les services suivants sont impact\u00e9s :<br>&#8211; <a href=\"http:\/\/lecolibrisrecyclerie.fr\/\" target=\"_blank\" rel=\"noreferrer noopener\">http:\/\/lecolibrisrecyclerie.fr\/<\/a><br>&#8211; Pole ESS &#8211; mattermost<br>&#8211; pad.devloprog.org<\/p>\n\n\n\n<p>La liste compl\u00e8te est disponible ici : <a href=\"https:\/\/stats.uptimerobot.com\/6G2NoIonLW\" target=\"_blank\" rel=\"noreferrer noopener\">https:\/\/stats.uptimerobot.com\/6G2NoIonLW<\/a><\/p>\n\n\n\n<p>Merci pour votre compr\u00e9hension<\/p>\n\n\n\n<p><a rel=\"noreferrer noopener\" href=\"https:\/\/piaille.fr\/@ethicit\/110419747437471608\" target=\"_blank\"><time datetime=\"2023-05-23T19:53:54Z\"><\/time><\/a><\/p>\n\n\n<ul class=\"wp-block-latest-posts__list has-dates wp-block-latest-posts\"><li><a class=\"wp-block-latest-posts__post-title\" href=\"https:\/\/www.ethicit.fr\/?p=490\">Coupure internet Sud mercredi 19\/10<\/a><time datetime=\"2022-10-19T12:14:38+02:00\" class=\"wp-block-latest-posts__post-date\">19 octobre 2022<\/time><div class=\"wp-block-latest-posts__post-full-content\"><!-- wp:paragraph -->\n<p>Opr\u00e9ation pr\u00e9vue ce mercredi 19\/10 , de <strong>12h30 \u00e0 15h <\/strong><\/p>\n<!-- \/wp:paragraph -->\n\n<!-- wp:columns -->\n<div class=\"wp-block-columns\"><!-- wp:column {\"verticalAlignment\":\"center\",\"width\":\"20%\"} -->\n<div class=\"wp-block-column is-vertically-aligned-center\" style=\"flex-basis:20%\"><!-- wp:paragraph {\"textColor\":\"vivid-red\",\"fontSize\":\"medium\"} -->\n<p class=\"has-vivid-red-color has-text-color has-medium-font-size\">le 19\/10 \u00e0 12h38 : <\/p>\n<!-- \/wp:paragraph --><\/div>\n<!-- \/wp:column -->\n\n<!-- wp:column {\"verticalAlignment\":\"center\",\"width\":\"100%\"} -->\n<div class=\"wp-block-column is-vertically-aligned-center\" style=\"flex-basis:100%\"><!-- wp:paragraph {\"align\":\"left\",\"style\":{\"color\":{\"background\":\"#cf2d2d6e\"}}} -->\n<p class=\"has-text-align-left has-background\" style=\"background-color:#cf2d2d6e\">La liaison Internet est coup\u00e9 ce jeudi 19\/10. L&rsquo;analyse est en cours . Les services Sud sont coup\u00e9s , intervention technicien en cours&#8230;<\/p>\n<!-- \/wp:paragraph --><\/div>\n<!-- \/wp:column --><\/div>\n<!-- \/wp:columns --><\/div><\/li>\n<li><a class=\"wp-block-latest-posts__post-title\" href=\"https:\/\/www.ethicit.fr\/?p=462\">Internet coup\u00e9 cot\u00e9 Nord le 29\/09<\/a><time datetime=\"2022-09-29T09:15:54+02:00\" class=\"wp-block-latest-posts__post-date\">29 septembre 2022<\/time><div class=\"wp-block-latest-posts__post-full-content\"><!-- wp:block {\"ref\":449} \/-->\n\n<!-- wp:columns -->\n<div class=\"wp-block-columns\"><!-- wp:column {\"width\":\"100%\"} -->\n<div class=\"wp-block-column\" style=\"flex-basis:100%\"><!-- wp:block {\"ref\":448} \/--><\/div>\n<!-- \/wp:column --><\/div>\n<!-- \/wp:columns -->\n\n<!-- wp:block {\"ref\":448} \/--><\/div><\/li>\n<li><a class=\"wp-block-latest-posts__post-title\" href=\"https:\/\/www.ethicit.fr\/?p=425\">Internet coup\u00e9 c\u00f4t\u00e9 SUD le 13 Septembre<\/a><time datetime=\"2022-09-13T21:24:36+02:00\" class=\"wp-block-latest-posts__post-date\">13 septembre 2022<\/time><div class=\"wp-block-latest-posts__post-full-content\"><!-- wp:columns -->\n<div class=\"wp-block-columns\"><!-- wp:column {\"verticalAlignment\":\"center\",\"width\":\"20%\"} -->\n<div class=\"wp-block-column is-vertically-aligned-center\" style=\"flex-basis:20%\"><!-- wp:paragraph {\"textColor\":\"vivid-green-cyan\",\"fontSize\":\"medium\"} -->\n<p class=\"has-vivid-green-cyan-color has-text-color has-medium-font-size\"><strong>le 30\/08 \u00e0 22h00: <\/strong><\/p>\n<!-- \/wp:paragraph --><\/div>\n<!-- \/wp:column -->\n\n<!-- wp:column {\"verticalAlignment\":\"center\",\"width\":\"100%\"} -->\n<div class=\"wp-block-column is-vertically-aligned-center\" style=\"flex-basis:100%\"><!-- wp:paragraph {\"align\":\"left\",\"backgroundColor\":\"light-green-cyan\"} -->\n<p class=\"has-text-align-left has-light-green-cyan-background-color has-background\">le DSLAM est de nouveau op\u00e9rationnel, les services sont de nouveaux op\u00e9rationnels <\/p>\n<!-- \/wp:paragraph --><\/div>\n<!-- \/wp:column --><\/div>\n<!-- \/wp:columns -->\n\n<!-- wp:columns -->\n<div class=\"wp-block-columns\"><!-- wp:column {\"verticalAlignment\":\"center\",\"width\":\"20%\"} -->\n<div class=\"wp-block-column is-vertically-aligned-center\" style=\"flex-basis:20%\"><!-- wp:paragraph {\"textColor\":\"vivid-red\",\"fontSize\":\"medium\"} -->\n<p class=\"has-vivid-red-color has-text-color has-medium-font-size\">le 30\/08 \u00e0 20h35 : <\/p>\n<!-- \/wp:paragraph --><\/div>\n<!-- \/wp:column -->\n\n<!-- wp:column {\"verticalAlignment\":\"center\",\"width\":\"100%\"} -->\n<div class=\"wp-block-column is-vertically-aligned-center\" style=\"flex-basis:100%\"><!-- wp:paragraph {\"align\":\"left\",\"style\":{\"color\":{\"background\":\"#cf2d2d6e\"}}} -->\n<p class=\"has-text-align-left has-background\" style=\"background-color:#cf2d2d6e\">le DSLAM Sud est coup\u00e9. Le fournisseur d&rsquo;acc\u00e8s est au courant , des actions sont en cours&#8230;.<\/p>\n<!-- \/wp:paragraph --><\/div>\n<!-- \/wp:column --><\/div>\n<!-- \/wp:columns --><\/div><\/li>\n<li><a class=\"wp-block-latest-posts__post-title\" href=\"https:\/\/www.ethicit.fr\/?p=406\">Op\u00e9ration pr\u00e9vue cot\u00e9 SUD le 20\/09 \u00e0 12h<\/a><time datetime=\"2022-09-12T14:05:51+02:00\" class=\"wp-block-latest-posts__post-date\">12 septembre 2022<\/time><div class=\"wp-block-latest-posts__post-full-content\"><!-- wp:columns -->\n<div class=\"wp-block-columns\"><!-- wp:column {\"verticalAlignment\":\"center\",\"width\":\"100%\"} -->\n<div class=\"wp-block-column is-vertically-aligned-center\" style=\"flex-basis:100%\"><!-- wp:paragraph {\"textColor\":\"black\",\"fontSize\":\"medium\"} -->\n<p class=\"has-black-color has-text-color has-medium-font-size\">Une op\u00e9ration \u00e9lectrique est pr\u00e9vu le Mardi 20\/09 sur le site Sud . Cela engendrera une coupure \u00e9lectrique , et donc une coupure des acc\u00e8s au service SUD. L&rsquo;op\u00e9ration est pr\u00e9vue pour 1\/2 journ\u00e9e , de 12h \u00e0 18h .<\/p>\n<!-- \/wp:paragraph --><\/div>\n<!-- \/wp:column --><\/div>\n<!-- \/wp:columns -->\n\n<!-- wp:paragraph -->\n<p><em>Status initial : Une op\u00e9ration \u00e9lectrique est pr\u00e9vu le Mardi 13\/09 sur le site Sud . Cela engendrera une coupure \u00e9lectrique , et donc une coupure des acc\u00e8s au service SUD. L&rsquo;op\u00e9ration est pr\u00e9vue pour 1\/2 journ\u00e9e , de 12h \u00e0 18h .<\/em><\/p>\n<!-- \/wp:paragraph -->\n\n<!-- wp:columns -->\n<div class=\"wp-block-columns\"><!-- wp:column {\"verticalAlignment\":\"center\",\"width\":\"100%\"} -->\n<div class=\"wp-block-column is-vertically-aligned-center\" style=\"flex-basis:100%\"><\/div>\n<!-- \/wp:column --><\/div>\n<!-- \/wp:columns --><\/div><\/li>\n<li><a class=\"wp-block-latest-posts__post-title\" href=\"https:\/\/www.ethicit.fr\/?p=399\">Coupure internet sur le site Nord<\/a><time datetime=\"2022-08-29T13:16:30+02:00\" class=\"wp-block-latest-posts__post-date\">29 ao\u00fbt 2022<\/time><div class=\"wp-block-latest-posts__post-full-content\"><!-- wp:columns -->\n<div class=\"wp-block-columns\"><!-- wp:column {\"verticalAlignment\":\"center\",\"width\":\"20%\"} -->\n<div class=\"wp-block-column is-vertically-aligned-center\" style=\"flex-basis:20%\"><!-- wp:paragraph {\"textColor\":\"vivid-green-cyan\",\"fontSize\":\"medium\"} -->\n<p class=\"has-vivid-green-cyan-color has-text-color has-medium-font-size\"><strong>le 30\/08 \u00e0 15h30 : <\/strong><\/p>\n<!-- \/wp:paragraph --><\/div>\n<!-- \/wp:column -->\n\n<!-- wp:column {\"verticalAlignment\":\"center\",\"width\":\"100%\"} -->\n<div class=\"wp-block-column is-vertically-aligned-center\" style=\"flex-basis:100%\"><!-- wp:paragraph {\"align\":\"left\",\"backgroundColor\":\"light-green-cyan\"} -->\n<p class=\"has-text-align-left has-light-green-cyan-background-color has-background\">l&rsquo;op\u00e9rateur est pass\u00e9 et a corrig\u00e9 les probl\u00e8mes. Le site Nord est de nouveau accessible !<\/p>\n<!-- \/wp:paragraph --><\/div>\n<!-- \/wp:column --><\/div>\n<!-- \/wp:columns -->\n\n<!-- wp:columns -->\n<div class=\"wp-block-columns\"><!-- wp:column {\"verticalAlignment\":\"center\",\"width\":\"20%\"} -->\n<div class=\"wp-block-column is-vertically-aligned-center\" style=\"flex-basis:20%\"><!-- wp:paragraph {\"textColor\":\"vivid-red\",\"fontSize\":\"medium\"} -->\n<p class=\"has-vivid-red-color has-text-color has-medium-font-size\">le 28\/08 \u00e0 01:00 : <\/p>\n<!-- \/wp:paragraph --><\/div>\n<!-- \/wp:column -->\n\n<!-- wp:column {\"verticalAlignment\":\"center\",\"width\":\"100%\"} -->\n<div class=\"wp-block-column is-vertically-aligned-center\" style=\"flex-basis:100%\"><!-- wp:paragraph {\"align\":\"left\",\"style\":{\"color\":{\"background\":\"#cf2d2d6e\"}}} -->\n<p class=\"has-text-align-left has-background\" style=\"background-color:#cf2d2d6e\">une coupure internet sur le site Nord : tous les services sur le site nord sont inaccessible. Un technicien de l&rsquo;op\u00e9rateur est attendu pour Mardi 30\/08 sur site.<\/p>\n<!-- \/wp:paragraph --><\/div>\n<!-- \/wp:column --><\/div>\n<!-- \/wp:columns --><\/div><\/li>\n<\/ul>","protected":false},"excerpt":{"rendered":"<p>Certains services ethicit \/ Devloprog sont interrompus suite \u00e0 un probl\u00e8me technique en cours d&rsquo;analyse.Les services suivants sont impact\u00e9s :&#8211;<\/p>\n","protected":false},"author":1,"featured_media":0,"parent":0,"menu_order":0,"comment_status":"closed","ping_status":"closed","template":"","meta":{"colormag_page_container_layout":"default_layout","colormag_page_sidebar_layout":"default_layout","footnotes":""},"class_list":["post-408","page","type-page","status-publish","hentry"],"_links":{"self":[{"href":"https:\/\/www.ethicit.fr\/index.php?rest_route=\/wp\/v2\/pages\/408","targetHints":{"allow":["GET"]}}],"collection":[{"href":"https:\/\/www.ethicit.fr\/index.php?rest_route=\/wp\/v2\/pages"}],"about":[{"href":"https:\/\/www.ethicit.fr\/index.php?rest_route=\/wp\/v2\/types\/page"}],"author":[{"embeddable":true,"href":"https:\/\/www.ethicit.fr\/index.php?rest_route=\/wp\/v2\/users\/1"}],"replies":[{"embeddable":true,"href":"https:\/\/www.ethicit.fr\/index.php?rest_route=%2Fwp%2Fv2%2Fcomments&post=408"}],"version-history":[{"count":5,"href":"https:\/\/www.ethicit.fr\/index.php?rest_route=\/wp\/v2\/pages\/408\/revisions"}],"predecessor-version":[{"id":509,"href":"https:\/\/www.ethicit.fr\/index.php?rest_route=\/wp\/v2\/pages\/408\/revisions\/509"}],"wp:attachment":[{"href":"https:\/\/www.ethicit.fr\/index.php?rest_route=%2Fwp%2Fv2%2Fmedia&parent=408"}],"curies":[{"name":"wp","href":"https:\/\/api.w.org\/{rel}","templated":true}]}}